+ 17*t + 20. What is f(-1)?
-21
Let g(p) = 21*p - 592. What is g(29)?
17
Let j(t) = t**2 - 74*t - 2882. Give j(-28).
-26
Let u(w) = 451*w + 10820. Give u(-24).
-4
Let f(h) = h**2 - 67*h + 1060. Calculate f(41).
-6
Let g(l) = -12931*l + 38793. Calculate g(3).
0
Let u(l) = -l**2 - 403*l - 28395. Calculate u(-91).
-3
Let b(f) = -2*f**2 + 16*f + 53. Determine b(11).
-13
Let h(j) = 7*j**2 + 153*j + 101. Determine h(-19).
-279
Let p(s) = 2*s - 258. What is p(-15)?
-288
Let w(j) = 164*j + 2128. Calculate w(-12).
160
Let w(g) = -2*g**3 + 53*g**2 + 38*g - 61. Give w(27).
236
Let s(m) = -28*m + 14. Give s(8).
-210
Let j(n) = -42*n + 2004. Determine j(47).
30
Let i(u) = -u**2 - 4*u + 83. What is i(-8)?
51
Let l(t) = -t**2 + 390*t - 2303. Give l(6).
1
Let z(n) = 5164*n + 15486. What is z(-3)?
-6
Let t(j) = -j**3 + 5*j**2 + 262*j + 73. Give t(19).
-3
Let y(n) = -n**3 - 18*n**2 - 77*n - 712. Calculate y(-16).
8
Let d(y) = 404*y + 7284. What is d(-18)?
12
Let y(n) = 37*n**3 + 2*n**2 + 9*n - 11. Determine y(1).
37
Let o(n) = -3*n**2 + 5*n + 48. Calculate o(7).
-64
Let c(l) = l**3 + 9*l**2 + 2*l - 2. Determine c(-2).
22
Let s(x) = -4355*x - 17434. What is s(-4)?
-14
Let a(k) = -k**3 - 70*k**2 + 357*k - 1320. What is a(-75)?
30
Let y(v) = 434*v**2 + 48172*v - 220. Calculate y(-111).
2
Let s(r) = r**2 + 48*r + 455. Give s(-13).
0
Let b(l) = -l**3 - 73*l**2 + 2*l + 71. Calculate b(-73).
-75
Let d(l) = 17*l - 583. Determine d(39).
80
Let g(t) = -271*t + 264. Determine g(2).
-278
Let v(l) = 362*l + 88310. What is v(-244)?
-18
Let d(b) = b**3 + 4*b**2 - 22*b - 11. Calculate d(-7).
-4
Let i(p) = -137*p + 414. Calculate i(3).
3
Let b(g) = g**3 + 40*g**2 - 280*g + 32. Calculate b(6).
8
Let h(x) = -26*x - 185. Determine h(-6).
-29
Let a(v) = -13*v + 307. What is a(35)?
-148
Let d(y) = 277*y - 778. What is d(3)?
53
Let a(r) = 80*r**2 - 2*r + 6. Determine a(2).
322
Let z(s) = -18*s - 61. Calculate z(-4).
11
Let w(u) = -12*u + 174. Determine w(7).
90
Let x(a) = 556*a + 6667. What is x(-12)?
-5
Let z(j) = 72*j + 4655. Give z(-63).
119
Let b(v) = 2*v**3 - 78*v**2 - 347*v + 73. Give b(43).
-56
Let t(g) = -58*g**2 - 2725*g + 44. Calculate t(-47).
-3
Let g(y) = y**3 - 3*y**2 - 10*y - 10. Calculate g(6).
38
Let k(v) = -37*v - 188. Give k(-5).
-3
Let d(b) = 61*b - 621. Give d(9).
-72
Let l(j) = 2*j**3 + 132*j**2 + 5*j + 376. Calculate l(-66).
46
Let k(y) = y**3 - 56*y**2 - 100*y - 1011. Calculate k(58).
-83
Let q(u) = 17*u + 260. What is q(-16)?
-12
Let c(w) = 2*w**3 - 8*w**2 - 16*w + 96. Calculate c(6).
144
Let o(v) = -27*v**2 - 389*v + 388. Calculate o(1).
-28
Let t(b) = -2*b**3 + 78*b**2 - b + 6. Give t(39).
-33
Let l(j) = -6*j**2 - 58*j - 167. Calculate l(-6).
-35
Let g(f) = 22*f + 236. Determine g(-8).
60
Let c(d) = 7*d**2 + 21*d - 498. What is c(7)?
-8
Let i(s) = -s**2 - 25*s + 454. What is i(-36)?
58
Let p(d) = 12*d - 14. Calculate p(8).
82
Let h(q) = -q**3 - 13*q**2 - 69*q - 254. What is h(-6)?
-92
Let m(x) = x**3 + 23*x**2 - 170*x - 35. Give m(6).
-11
Let j(c) = c**3 + 127*c**2 + 259*c + 1157. Calculate j(-125).
32
Let n(k) = -897*k - 707. Calculate n(-1).
190
Let j(r) = -3*r**3 + 182*r**2 - 120*r - 165. Give j(60).
-165
Let c(k) = k**2 - 2*k - 938. Determine c(-33).
217
Let k(d) = -187*d + 4309. Calculate k(23).
8
Let v(d) = -5352*d + 139163. Determine v(26).
11
Let v(s) = -19*s**2 + 1934*s + 395. Give v(102).
-13
Let c(h) = -10*h + 7. What is c(1)?
-3
Let h(n) = -317*n - 2539. What is h(-8)?
-3
Let j(t) = t**2 + 9*t - 53. Calculate j(9).
109
Let s(v) = v**3 + 22*v**2 + 68*v - 92. Determine s(-18).
-20
Let r(v) = -v**3 + 59*v**2 + 118*v + 264. Give r(61).
20
Let d(x) = 7*x**3 + 59*x**2 - 37*x - 15. What is d(-9)?
-6
Let p(u) = -2*u**3 - 12*u**2 - 24*u - 70. Determine p(-7).
196
Let y(x) = -126*x**3 + 4*x**2 + 4*x - 3. Determine y(1).
-121
Let d(l) = l**3 - 18*l**2 - 22*l + 10. Calculate d(19).
-47
Let o(b) = -b**3 - 12*b**2 + 26*b + 419. What is o(-12)?
107
Let h(s) = 6*s**2 - 16*s + 60. What is h(7)?
242
Let b(w) = -14*w + 281. Give b(11).
127
Let m(q) = 2*q**3 + 20*q**2 - 72*q - 255. Determine m(-12).
33
Let m(d) = 2*d**3 - 7*d**2 + d - 7. Give m(5).
73
Let o(k) = 109*k + 1678. Determine o(-15).
43
Let b(v) = 3968*v - 39678. Give b(10).
2
Let d(b) = 5*b**2 + 150*b - 499. Determine d(-33).
-4
Let n(m) = 31*m + 72. Determine n(2).
134
Let x(l) = 6358*l - 44522. Determine x(7).
-16
Let b(a) = 63*a**2 + 9*a + 58. Determine b(-4).
1030
Let j(h) = h**3 - 20*h**2 - 22*h - 51. Calculate j(21).
-72
Let j(g) = 2*g**2 - 53*g + 185. Determine j(22).
-13
Let s(x) = -83*x - 65. Calculate s(2).
-231
Let p(o) = -386*o + 22358. Give p(58).
-30
Let k(t) = t**2 + 247*t + 1189. Give k(-5).
-21
Let j(a) = 6*a**2 + 19*a + 49. Calculate j(-8).
281
Let q(t) = 3*t**2 + 21*t + 38. Determine q(-14).
332
Let s(v) = -53*v - 90. Give s(-2).
16
Let s(c) = c**3 + 14*c**2 + 39*c - 47. Give s(-8).
25
Let u(q) = q**3 - 13*q**2 + 34*q - 49. Give u(10).
-9
Let y(f) = f + 97. What is y(-73)?
24
Let p(v) = -v**3 - 6*v**2 - 14*v - 168. What is p(-6)?
-84
Let u(m) = -164*m + 9. Give u(-2).
337
Let o(h) = 190*h - 832. What is o(5)?
118
Let d(l) = -88*l - 18642. What is d(-212)?
14
Let f(b) = -b**2 - 7*b + 6. Determine f(-5).
16
Let h(t) = t**2 - 34*t - 142. What is h(41)?
145
Let r(g) = g**3 - 14*g**2 - 15*g + 122. Calculate r(14).
-88
Let h(n) = n**3 - 87*n**2 - 91*n + 311. What is h(88)?
47
Let o(g) = -g**3 + 10*g**2 - 5*g - 5. Determine o(6).
109
Let w(u) = 1225*u - 3670. Determine w(3).
5
Let m(n) = -2*n**2 - 20*n - 11. Give m(-7).
31
Let i(j) = 24*j**3 - 3*j - 5. What is i(-2)?
-191
Let a(r) = 2*r**3 - r**2 - 62*r - 124. Determine a(-2).
-20
Let t(m) = -m**3 - 5*m**2 + 126*m + 7. Give t(9).
7
Let m(j) = -j**2 - 88*j - 754. Give m(-79).
-43
Let b(a) = -a**3 - 25*a**2 - 33*a + 295. Calculate b(-23).
-4
Let v(d) = d**3 - 51*d**2 - 352*d + 568. Calculate v(57).
-2
Let x(s) = s**3 + 4*s**2 - 32*s - 4. Calculate x(-8).
-4
Let z(d) = d**2 + 44*d - 246. Calculate z(5).
-1
Let x(h) = -9*h**2 - 28*h + 26. Calculate x(1).
-11
Let g(y) = y**2 - 13*y - 43. What is g(-3)?
5
Let r(l) = 2*l**2 + 10*l - 197. Determine r(9).
55
Let d(w) = -w**2 + 45*w + 39. What is d(46)?
-7
Let t(i) = i**3 + 13*i**2 + 60*i + 83. Determine t(-12).
-493
Let z(c) = -c**3 + 5*c**2 - 20*c + 704. What is z(10)?
4
Let l(x) = -3929*x + 23582. Give l(6).
8
Let n(x) = -54*x + 1186. Determine n(22).
-2
Let f(a) = 3*a**2 + 112*a + 32. What is f(-37)?
-5
Let w(b) = -307*b - 6442. Give w(-21).
5
Let n(h) = -82*h**2 + 5494*h + 128. Give n(67).
128
Let f(s) = 2*s**2 - 71*s - 1148. What is f(47)?
-67
Let g(j) = j**3 - 23*j**2 + 51*j + 7. Give g(21).
196
Let y(f) = -4865*f - 5. Give y(0).
-5
Let w(d) = -d**3 + 21*d**2 - 62*d + 152. Give w(18).
8
Let f(d) = -d**3 + 125*d**2 + 660*d - 1285. What is f(130)?
15
Let g(b) = 4*b + 5. Calculate g(-12).
-43
Let n(s) = 104*s - 2073. Give n(20).
7
Let d(q) = q**3 - 13*q**2 + 338*q - 6902. Calculate d(17).
0
Let o(x) = -2*x**3 + 6*x**2 - 49*x + 85. Calculate o(2).
-5
Let p(x) = x**2 - 33*x + 268. Calculate p(18).
-2
Let g(k) = 4*k**2 + 58*k + 211. What is g(-7)?
1
Let c(v) = v**2 + 1240*v - 13757. Determine c(11).
4
Let r(d) = 75*d + 18592. Give r(-248).
-8
Let z(k) = 6*k**2 - 104*k - 56. Give z(17).
-90
Let w(j) = -4*j**3 - 11*j**2 + 35*j + 167. Calculate w(-5).
217
Let u(x) = -x**3 + 32*x**2 + 35*x - 1151. What is u(32)?
-31
Let f(t) = -3*t**2 + 703*t - 2106. What is f(3)?
-24
Let w(o) = 6*o + 54. Calculate w(-22).
-78
Let m(h) = -3*h**3 - 22*h**2 - 5*h + 9. What is m(-7)?
-5
Let t(b) = 579*b - 82802. Calculate t(143).
-5
Let f(v) = 4*v**2 + 485*v + 6106. What is f(-107)?
7
Let v(k) = 384*k - 1144. Calculate v(3).
8
Let q(o) = -8*o**2 + 301*o + 122. Determine q(38).
8
Let o(f) = 27*f - 295. Give o(31).
542
Let h(r) = r**2 - 251*r + 2636. What is h(11)?
-4
Let m(q) = -15*q - 1056. What is m(-71)?
9
Let i(k) = 27*k - 193. What is i(7)?
-4
Let q(w) = 1251*w + 8814. What is q(-7)?
57
Let i(x) = -135*x**3 - 4*x**2 - 4*x - 2. Give i(-1).
133
Let a(p) = 6*p**3 - 17*p**2 - 27*p - 4. Give a(-1).
0
Let j(d) = 8*d**2 - 1491*d - 912. Give j(187).
23
Let d(b) = b**3 + 35*b**2 + 170*b + 101. Calculate d(-5).
1
Let o(m) = -m**3 + 34*m**2 - 99*m + 157. Give o(31).
-29
Let v(i) = i**3 + 18*i**2 - 41*i - 56. Calculate v(-20).
-